se 3*n + 2*w = 15, -5*n + w + 3 = -3*n. Let l = -298 + 313. Suppose -159 = -n*c + l. List the prime factors of c.
2, 29
Suppose 151*r - 42 = 148*r. Let q be (-2 + 0 - -19) + 0. Suppose 180 = q*u - r*u. What are the prime factors of u?
2, 3, 5
Let q = -188 + 193. Suppose j + 740 = q*u - 4*j, 0 = 2*u - j - 291. What are the prime factors of u?
11, 13
Let q(c) = -c + 35. Let b(f) = -4*f - 32. Let y be b(-13). Let d be (6 + -3)/(5/y). List the prime factors of q(d).
23
Let d(v) = -v**2 - 23*v - 18. Let u be d(-21). Let j be (-8)/3*u/(-16). Suppose -2*r - 2*f = -100, -j*r - f + 194 = -3*f. What are the prime factors of r?
7
Suppose 0 = 3*r + 6, -17*w + 11378 = -14*w - 4*r. What are the prime factors of w?
2, 5, 379
Let x(p) = 2*p**2 + 133*p + 4. What are the prime factors of x(56)?
2, 47, 73
Suppose -12*q = -4042 + 862. Suppose -2*j + 2*l + 504 = 0, -3*j + q = -l - 495. List the prime factors of j.
2, 127
Let j = 2033 - -16042. What are the prime factors of (-20)/28 + 1 + j/21?
3, 7, 41
Suppose 71*l - 939804 + 85461 = 0. What are the prime factors of l?
3, 7, 191
Suppose -18*c + 7381 = d - 15*c, 3*d + c - 22143 = 0. List the prime factors of d.
11, 61
Suppose -3*v = 2*s + 3 - 7, -4*s - 2*v = -8. Suppose -1275 - 995 = -5*w - n, 3*w - s*n - 1362 = 0. List the prime factors of w.
2, 227
Let h(x) = 22*x**3 - 21*x**3 + 43*x - 13*x**2 + 4 + 3. What are the prime factors of h(11)?
2, 7, 17
Let g(z) be the first derivative of z**4/4 - 3*z**3 + 19*z**2/2 + z + 27. Let o be g(6). Suppose -o*d - 3135 = -22*d. List the prime factors of d.
11, 19
Suppose -6 = -4*k + 9*k - 4*h, 6 = -3*k + 3*h. Suppose 3*n - 2*t = 256, -4*n = -t - k*t - 341. List the prime factors of n.
2, 43
Suppose -41*r + 76250 = -97221. What are the prime factors of r?
4231
Let p(t) = 12*t**2 + 37*t + 296. What are the prime factors of p(-29)?
3, 5, 23
Let o = -32 + 32. Let q be o + (78 - (-2 + (-1)/1)). Suppose 2*a - 87 = q. What are the prime factors of a?
2, 3, 7
Let v(i) = -18*i**2 - 5. Let l be v(-5). Suppose 5*f = -26*f - 22413. Let d = l - f. List the prime factors of d.
2, 67
Suppose l + 17084 = 33*h - 31*h, 5*h - 42713 = l. What are the prime factors of h?
8543
Let l be (-18)/63 - (-198)/7. Suppose 18 = y + w, 4*y - 3*y - l = -3*w. Suppose -17*b = -y*b - 288. List the prime factors of b.
2, 3
Suppose 3*n - 4*j - 1617 = 0, -1644 = -3*n - 9*j + 4*j. Suppose 9*o = 6*o + n. What are the prime factors of o?
181
Let n(w) = -w**2 + 10*w. Let c be n(9). Let r = -28 - c. Let q = 65 + r. List the prime factors of q.
2, 7
Suppose 0 = -4*z, -2*d - d + 186 = 4*z. Let j = d - 60. Suppose -j*t - a = -261, -9*t + 7*t + 3*a + 281 = 0. List the prime factors of t.
7, 19
What are the prime factors of (-1738649)/(-44)*1 - (-5)/(140/(-21))?
2, 23, 859
What are the prime factors of 21*563 + -85 + 82?
2, 3, 5, 197
Let l(d) = d**3 + 15*d**2 - 13*d - 11. Let i be l(-16). Let f = 63 + i. Let j(p) = p**2 - 5. What are the prime factors of j(f)?
11
Let u be -4 + 16/48 + (-2918)/6. Let d = -234 - u. What are the prime factors of d?
2
Suppose 0 = -12*q + 12 + 24. Suppose 0 = -3*i - q*o + 3300, -25 = -7*o + 2*o. What are the prime factors of i?
3, 5, 73
Let y = 17 + 0. Let p = y + -9. Suppose 4*k - 316 = -k - 3*b, 0 = 4*b - p. What are the prime factors of k?
2, 31
Let v = -65 - -65. Suppose g - o = 13, 2*g = -v*o + o + 24. Suppose 0 = -g*a + 3*a + 784. List the prime factors of a.
2, 7
Let l(g) = 6*g**3 + g**2 + 2*g - 2. Let u be l(1). Suppose 2*j - u = -11. What are the prime factors of j/9 + (-3327)/(-27)?
3, 41
Let g(w) = w**3 - 14*w**2 - 21*w + 3. Let q be g(15). Let i = 191 + q. Suppose 50*c - 49*c - i = 0. List the prime factors of c.
2, 13
Let s(d) be the first derivative of d**4/2 - 7*d**3/3 - 11*d**2/2 + 3*d - 9093. Let i be (5/4)/(2/8). What are the prime factors of s(i)?
23
Suppose -356*d + 196*d = -5230720. What are the prime factors of d?
2, 11, 743
Suppose -4 = -28*n + 27*n, 2*q + n + 604 = 0. Let s = q + 697. What are the prime factors of s?
3, 131
List the prime factors of (-232111)/(-7) - (-3 - 2 - 231/(-49)).
3, 7, 1579
Let d = 36119 - 5433. List the prime factors of d.
2, 67, 229
List the prime factors of 2 + (-45)/30 + (-36746)/(-4).
9187
Suppose -10*l = 4*d - 11*l - 11119, -4*d + 5*l + 11131 = 0. Let x = -1568 + d. List the prime factors of x.
7, 173
Suppose 10*m + 4*x = 5*m + 33, -3*m + 5*x = -5. Let w be ((-96)/(3 + m))/(4/126). Let y = -202 - w. List the prime factors of y.
2, 11
Let n(q) = 335*q + 3615. List the prime factors of n(-5).
2, 5, 97
Let z = 279 + -273. List the prime factors of 291/(((-4)/(-18))/(4/z)).
3, 97
Suppose j + 160 = a, a - 5*j = -a + 329. Let d = -70 + a. Let b = d + -74. What are the prime factors of b?
13
Let n be (7 - 9)*((-4)/(-8) + 0). What are the prime factors of (-94 - -96)/(n/((-458)/4))?
229
Let x(n) = -n**3 - n**2 + 9*n - 12. Let b be x(-4). Suppose -z + 2*u + 708 = b, -3*z - 3*u = -5*z + 1412. What are the prime factors of z?
2, 5, 7
Let x(y) = y**3 + 20*y**2 - 8*y + 17. Suppose 9*k = 6*k - 18. Let g(j) = -2*j**2 - 10*j - 8. Let s be g(k). List the prime factors of x(s).
3, 59
Suppose 1226357 + 1938300 = 83*x - 336615. List the prime factors of x.
2, 5273
Suppose -5*r - 29 = -44. Let z be (0 - 0)/(r/(3 - 4)). Let l(q) = -q**3 + q**2 + q + 205. List the prime factors of l(z).
5, 41
What are the prime factors of 11 - 84/7 - -2261?
2, 5, 113
Suppose 14*i = 110371 + 9511. What are the prime factors of i?
8563
Let y be (-3)/(-2)*20/75*10. Suppose -x + 4216 = y*g, -2*g - 8*x = -5*x - 2108. What are the prime factors of g?
2, 17, 31
List the prime factors of 1 + (-3 - 1) - ((-4 - 11) + -41633).
5, 8329
What are the prime factors of (30832/(-10))/((-136)/340)?
2, 41, 47
List the prime factors of (-1761)/(56/(-7) + 5).
587
Suppose v = -k - 2*v + 2, 2*k + 3*v - 10 = 0. Suppose -k*l = -794 - 262. What are the prime factors of l?
2, 3, 11
Let v = 24438 + -17128. What are the prime factors of v?
2, 5, 17, 43
Let z(o) = -o**3 + 67*o**2 + 54*o - 2330. What are the prime factors of z(38)?
2, 3, 2311
Let l be -19*(2 + 1) - 4. Let q = 89 + l. Suppose 4*v = -q + 484. List the prime factors of v.
2, 3, 19
Let l(t) = -40*t + 39. Suppose 38*p = 40*p + 14. What are the prime factors of l(p)?
11, 29
Let m = -29475 + 45714. List the prime factors of m.
3, 5413
Let k = 13209 - 8535. What are the prime factors of k?
2, 3, 19, 41
Suppose 167*y - 961219 - 2094663 = 1316679. What are the prime factors of y?
26183
Let v be (938/6)/(30/9 - 3). Suppose v = 5*f + 109. Let r = f + -23. List the prime factors of r.
7
Let z = 69 - 4. Suppose 4*v - z + 57 = 0. What are the prime factors of v?
2
Let a(c) = 57*c - 46*c + 44 - 18. Let s be a(29). Suppose 5*d - s = -p, -93 = -d - 4*p - p. What are the prime factors of d?
2, 17
Suppose -5*i + 1360 = -5*v, 4*v + 258 = 5*i - 834. Let m = v + 634. What are the prime factors of m?
2, 3, 61
Let x(y) = -58*y - 82. Let a be x(-26). Let p = a - 216. List the prime factors of p.
2, 5, 11
Let s = 46 + -40. Suppose -15 = a - s*a. Suppose 12 = a*y - 9. What are the prime factors of y?
7
Let w = -34300 - -52592. List the prime factors of w.
2, 17, 269
Suppose -8*v - v + 7*v + 15548 = 0. List the prime factors of v.
2, 13, 23
Suppose 0 = -2*u + 6, 16 = -2*j - 4*u + 28. Suppose -2*y + 4*y + s - 306 = j, -5*s = 20. What are the prime factors of y?
5, 31
Suppose -19758 = -2*f - 2*b, 27*b = 4*f + 25*b - 39510. List the prime factors of f.
2, 11, 449
List the prime factors of ((-160)/(-40))/(6/114729 - 0).
2, 167, 229
Let b(x) = 180*x**3 + x**2 - x + 1. Let c(n) = n + 19. Let a be c(-17). Suppose 4*r - a*l - 1 = 11, -5*l = 3*r + 17. What are the prime factors of b(r)?
181
Let d(z) = -5*z + 5*z**2 + 4 + 6*z - 17*z. List the prime factors of d(4).
2, 5
Let r(s) = -s**3 - 2*s**2 - 5. Let j be r(-4). Let a = j - 23. Suppose 0 = a*v - 9*v + 410. What are the prime factors of v?
2, 41
List the prime factors of (584/(-32) + 3)/((-5)/3560).
2, 61, 89
Let a be (-2565)/(-72) + -8 - (-3)/8. Let u(p) = p**3 - 30*p**2 + 65*p - 56. List the prime factors of u(a).
2, 7
Let t(i) = 2*i**2 + 2*i + 14. Let o be t(-8). Let u = o - 77. What are the prime factors of u?
7
Let r(k) be the first derivative of 8*k**3/3 + 21*k**2/2 + 77*k - 120. What are the prime factors of r(-4)?
11
S